{"id":1216,"date":"2015-10-22T16:40:06","date_gmt":"2015-10-22T16:40:06","guid":{"rendered":"http:\/\/www.cofestival.si\/cofestival-2\/?page_id=1216"},"modified":"2018-11-02T16:14:10","modified_gmt":"2018-11-02T16:14:10","slug":"program-nov","status":"publish","type":"page","link":"https:\/\/www.cofestival.si\/2017\/program-nov\/","title":{"rendered":"Program 2018"},"content":{"rendered":"<div class=\"row\">\n<div class=\"span2\">\n<p><em><u>sobota, 17. 11. 2018 <\/u><\/em><\/p>\n<p><u>ob 16.00 \u2013 18.00, Zagreb, Hi\u0161a Vjekoslava Rihterja:<br \/>\n<\/u><strong>BADco.:<\/strong> <strong>Izklop (The Foundation Pit, 2018)<em>, <\/em><\/strong>predstava\/razstava<\/p>\n<p><u>ob 21.30 Zagreb, HNK<\/u>:<br \/>\n<strong>BADco.: Poprave ritma (Correcting Rhythm, 2017),<\/strong> plesno-gledali\u0161ka predstava<\/p>\n<p><em><u>petek, 23. 11. 2018 <\/u><\/em><\/p>\n<p><u>ob 20.00, Kino \u0160i\u0161ka, Katedrala \u2013 otvoritev CoFestivala<br \/>\n<\/u><strong>Christos Papadopoulos: Opus (2016), <\/strong>plesna predstava<\/p>\n<p><u>ob 22.00, Kino \u0160i\u0161ka, Komuna<br \/>\n<\/u><strong>Ana Dubljevi\u0107, Darja Jano\u0161evi\u0107 &amp; Marko Mili\u0107: Koreoerotikon (Choreoeroticon, 2016),<\/strong> plesna predstava<\/p>\n<p><u>23.11. \u2013 28.11., Kino \u0160i\u0161ka, preddverje<br \/>\n<\/u><strong>BADco.: \u010casovne bombe (Time Bombs, 2018), <\/strong>instalacija<\/p>\n<p><u>23.11. \u2013 28.11., Kino \u0160i\u0161ka, Kamera<br \/>\n<\/u><strong>Dejan Srhoj: Robot Nao (Nao The Robot, 2017), <\/strong>predstava<br \/>\nPredstava bo vsako polno uro med 12.00 in 20.00, oziroma pol ure pred pri\u010detkom predstav v Kinu \u0160i\u0161ka<\/p>\n<p><em><u>sobota, 24. 11. 2018 <\/u><\/em><\/p>\n<p><u>ob 17.00, LGL &#8211; preddverje<br \/>\n<\/u><strong>Rok Vevar: Koreografski opus Lucinde Childs in njegov umetni\u0161ki kontekst (The Works of Lucinda Childs and Their Artistic Context), <\/strong>predavanje<br \/>\n<strong>Marko Jenko: Minimalizem in neokonstruktivizem v slovenskem kiparstvu (Minimalism and Neo-constructivism in Modern Slovene Sculpture), <\/strong>predavanje<\/p>\n<p><u>ob 19.00, LGL, Oder pod zvezdami<br \/>\n<\/u><strong>Lucinda Childs: Zgodnja dela (Early Works 1963 &#8211; 1978)<br \/>\n<\/strong><strong>Bomba\u017eev preplet (Calico Mingling, 1973), <\/strong>plesni kvartet<strong>,<br \/>\n<\/strong><strong>Katema (1978), <\/strong>plesni solo<strong>,<br \/>\n<\/strong><strong>Rondo vznak (Reclining Rondo, 1975), <\/strong>plesni trio<strong>,<br \/>\n<\/strong><strong>Poseben kolut (Particular Reel, 1973), <\/strong>plesni solo<\/p>\n<p><u>ob 21.00, Kino \u0160i\u0161ka, Komuna<br \/>\n<\/u><strong>Marko Mili\u0107: Lumi (2016)<\/strong>, intermedijska performativna predstava<\/p>\n<p><em><u>nedelja, 25. 11. 2018 <\/u><\/em><\/p>\n<p><u>ob 12.00, MSUM<br \/>\n<\/u><strong>Dance On Pass On Dream On, <\/strong>sre\u010danje partnerjev in predstavitev rezultatov projekta<\/p>\n<p><u>ob 18.00, \u0160panski borci<\/u><br \/>\n<strong>Rabih Mrou\u00e9\/ Dance On Ensemble: Slon (Elephant, 2018), <\/strong>plesna predstava<br \/>\nsledila bo predstavitev preteklosti in prihodnosti ansambla DANCE ON<\/p>\n<p><u>ob 20.00, LGL, Oder pod zvezdami<br \/>\n<\/u><strong>Lucinda Childs: Zgodnja dela (Early Works 1963-1978)<br \/>\n<\/strong><strong>Razvedrilo (Pastime, 1963), <\/strong>plesni solo<strong>,<br \/>\n<\/strong><strong>Inkarnat (Carnation, 1964), <\/strong>plesni solo<strong>,<br \/>\n<\/strong><strong>Muzejski eksponat (Museum Piece, 1965), <\/strong>plesni solo<strong>,<br \/>\n<\/strong><strong>Bomba\u017eev preplet (Calico Mingling, 1973, re\u017e. Babette Mangolte), <\/strong>plesni film<strong>,<br \/>\n<\/strong><strong>Katema (1978, re\u017e. Eric Franck), <\/strong>plesni film<\/p>\n<p><em><u>ponedeljek, 26. 11. 2018 <\/u><\/em><\/p>\n<p><u>ob 19.00, Kino \u0160i\u0161ka, Katedrala<br \/>\n<\/u><a href=\"https:\/\/www.tanzfabrik-berlin.de\/en\/lehrer#75\"><strong>Gisela M\u00fcller<\/strong><\/a><strong> &amp;\u00a0<a href=\"https:\/\/www.tanzfabrik-berlin.de\/en\/kuenstler#428\">Gebr\u00fcder Teichmann<\/a><\/strong><strong>: <\/strong><strong>Spet jaz, vendar ne sama (Me Again, But Not Alone 2018), <\/strong>plesno-glasbena predstava<\/p>\n<p><u>ob 21.00, Kino \u0160i\u0161ka, Katedrala<br \/>\n<\/u><strong>Rui Horta: Osa (Wasp, 2017), <\/strong>plesna predstava<\/p>\n<p><u>ob 22.00, Kino \u0160i\u0161ka, Katedrala<br \/>\n<\/u><strong><em><a href=\"https:\/\/www.tanzfabrik-berlin.de\/en\/lehrer#75\">Gisela M\u00fcller<\/a> <\/em><\/strong><strong>&amp; Rui Horta<\/strong>, pogovor in izmenjava pogledov med umetnikoma<\/p>\n<p><em><u>torek, 27. 11. 2018 <\/u><\/em><\/p>\n<p><u>ob 16.30, MSUM<br \/>\n<\/u><strong>Rok Vevar: Dan, no\u010d + \u010dlovek = ritem: Antologija slovenske sodobnoplesne publicistike 1918 \u2013 1960 (Day, Night + Man = Rhythm: Anhtology of Slovenian Contemporary Dance Criticism 1918 &#8211; 1960), <\/strong>predstavitev knjige in pogovor<\/p>\n<p><u>ob 19.00, Stara mestna elektrarna \u2013 Elektro Ljubljana<br \/>\n<\/u><strong>Anna Konjetzky: Odkru\u0161ki (Chipping, 2014), <\/strong>plesna predstava<\/p>\n<p><u>ob 21.00, \u0160panski borci<br \/>\n<\/u><strong>Mala Kline: SONG (2018), <\/strong>premiera plesne predstave<\/p>\n<p><em><u>sreda, 28. 11. 2018 <\/u><\/em><\/p>\n<p><u>o<\/u><u>b 18.00, Kino \u0160i\u0161ka, Komuna<br \/>\n<\/u><strong>Bojana Cveji\u0107: Koreografiranje problemov: Izrazni pojmi v evropskem sodobnem plesu (Choreographing Problems: Expressive Concepts in Contemporary Dance and Performance), <\/strong>predstavitev knjige in pogovor z avtorico<\/p>\n<p><u>ob 20.00, Kino \u0160i\u0161ka, Katedrala<br \/>\n<\/u><strong>BADco.: Spore (Spores, 2018), <\/strong>plesna predstava<\/p>\n<p><em><u>\u010detrtek, 29. 11. 2018 <\/u><\/em><\/p>\n<p><u>ob 15.00, Aksioma<br \/>\n<\/u><strong>Odgovornost pogleda (Responsibility of The Gaze),<\/strong> diskurzivni forum, posve\u010den hrva\u0161kemu sodobnoplesnemu kolektivu <strong>BADco. <\/strong><\/p>\n<p><u>ob 20.00, SMG, spodnja dvorana<br \/>\n<\/u><strong>Ana Vujanovi\u0107 &amp; Marta Popivoda \/ Slovensko mladinsko gledali\u0161\u010de: Narodna sprava: Krajine svobode (National Reconciliation: Freedom Landscapes, 2018)<\/strong>, prva postavitev koreografsko-kinematografske instalacije<u><\/u>","protected":false},"excerpt":{"rendered":"<p>sobota, 17. 11. 2018 ob 16.00 \u2013 18.00, Zagreb, Hi\u0161a Vjekoslava Rihterja: BADco.: Izklop (The Foundation Pit, 2018), predstava\/razstava ob 21.30 Zagreb, HNK: BADco.: Poprave ritma (Correcting Rhythm, 2017), plesno-gledali\u0161ka predstava petek, 23. 11. 2018 ob 20.00, Kino \u0160i\u0161ka, Katedrala \u2013 otvoritev CoFestivala Christos Papadopoulos: Opus (2016), plesna predstava ob 22.00, Kino \u0160i\u0161ka, Komuna Ana [&hellip;]<\/p>\n","protected":false},"author":1,"featured_media":0,"parent":0,"menu_order":0,"comment_status":"closed","ping_status":"closed","template":"page-program.php","meta":{"footnotes":""},"class_list":["post-1216","page","type-page","status-publish","hentry"],"_links":{"self":[{"href":"https:\/\/www.cofestival.si\/2017\/wp-json\/wp\/v2\/pages\/1216","targetHints":{"allow":["GET"]}}],"collection":[{"href":"https:\/\/www.cofestival.si\/2017\/wp-json\/wp\/v2\/pages"}],"about":[{"href":"https:\/\/www.cofestival.si\/2017\/wp-json\/wp\/v2\/types\/page"}],"author":[{"embeddable":true,"href":"https:\/\/www.cofestival.si\/2017\/wp-json\/wp\/v2\/users\/1"}],"replies":[{"embeddable":true,"href":"https:\/\/www.cofestival.si\/2017\/wp-json\/wp\/v2\/comments?post=1216"}],"version-history":[{"count":0,"href":"https:\/\/www.cofestival.si\/2017\/wp-json\/wp\/v2\/pages\/1216\/revisions"}],"wp:attachment":[{"href":"https:\/\/www.cofestival.si\/2017\/wp-json\/wp\/v2\/media?parent=1216"}],"curies":[{"name":"wp","href":"https:\/\/api.w.org\/{rel}","templated":true}]}}