{"id":392,"date":"2012-05-14T08:45:57","date_gmt":"2012-05-14T07:45:57","guid":{"rendered":"http:\/\/www.cofestival.si\/?page_id=392"},"modified":"2012-05-24T09:26:49","modified_gmt":"2012-05-24T08:26:49","slug":"mala-kline","status":"publish","type":"page","link":"https:\/\/www.cofestival.si\/2012\/?page_id=392","title":{"rendered":"Mala Kline"},"content":{"rendered":"<p>je performerka, plesalka in koreografinja. Diplomirala je iz filozofije in primerjalne knji\u017eevnosti na Univerzi v Ljubljani. Njena najbolj priznana dela so: Campo de &#8216;Fiori (2004), Debut (2007), The End (2009), BLISS (2010) in pred kratkim premierno izvedno delo <a title=\"Raj\" href=\"http:\/\/www.cofestival.si\/raj\/\">Eden<\/a> (2011). Poleg tega je bila vklju\u010dena v partnerske projekte mnogih najrazli\u010dnej\u0161ih ustvarjalcev &#8211; re\u017eiserjev, koreografov in pesnikov iz vse Evrope. Bila je soustanoviteljica in koprogramerka (2004-06) Agona &#8211; izobra\u017eevalnega in raziskovalnega programa za ples &#8211; in ena od vodij Cimeta, projekta za mobilnost mladih plesalcev v Srednji Evropi v letu 2004. Je soustanoviteljica Emanata, zavoda za afirmacijo in razvoj umetnosti plesa. Je tudi soustanoviteljica in sourednica (2004-06) knji\u017ene zbirke Prehodi, ki izdaja knjige o plesu, v zvezi z drugimi umetnostnimi in gledali\u0161kimi praksami.<\/p>\n<p><a href=\"http:\/\/www.cofestival.si\/wp-content\/uploads\/sites\/2\/2012\/05\/MALA-KLINE-EDEN-300dpiPRESS_foto-Thomas-Lenden.jpg\"><img loading=\"lazy\" decoding=\"async\" class=\"alignleft size-full wp-image-553\" title=\"TML20111118_DAS\" src=\"http:\/\/www.cofestival.si\/wp-content\/uploads\/sites\/2\/2012\/05\/MALA-KLINE-EDEN-300dpiPRESS_foto-Thomas-Lenden.jpg\" alt=\"\" width=\"682\" height=\"909\" srcset=\"https:\/\/www.cofestival.si\/2012\/wp-content\/uploads\/sites\/2\/2012\/05\/MALA-KLINE-EDEN-300dpiPRESS_foto-Thomas-Lenden.jpg 682w, https:\/\/www.cofestival.si\/2012\/wp-content\/uploads\/sites\/2\/2012\/05\/MALA-KLINE-EDEN-300dpiPRESS_foto-Thomas-Lenden-225x300.jpg 225w\" sizes=\"auto, (max-width: 682px) 100vw, 682px\" \/><\/a><\/p>\n<p>Trenutno Mala Kline kon\u010duje podiplomski \u0161tudij iz filozofije na Univerzi v Ljubljani in zaklju\u010duje \u0161tudij na DasArts v Amsterdamu.<\/p>\n<p>Njeno <a title=\"Raj\" href=\"http:\/\/www.cofestival.si\/raj\/\">delo v nastajanju<\/a> si lahko ogledate <a title=\"30.5.\" href=\"http:\/\/www.cofestival.si\/30-5\/\">30\/05\/2012<\/a>, 21.00 v\u00a0<a title=\"Kino \u0160i\u0161ka\" href=\"http:\/\/www.cofestival.si\/prostori\/kino-siska-2\/\">Kinu \u0160i\u0161ka<\/a>, Katedrala<\/p>\n<p>&nbsp;<\/p>\n","protected":false},"excerpt":{"rendered":"<p>je performerka, plesalka in koreografinja. Diplomirala je iz filozofije in primerjalne knji\u017eevnosti na Univerzi v Ljubljani. Njena najbolj priznana dela so: Campo de &#8216;Fiori (2004), Debut (2007), The End (2009), BLISS (2010) in pred kratkim premierno izvedno delo Eden (2011). Poleg tega je bila vklju\u010dena v partnerske projekte mnogih najrazli\u010dnej\u0161ih ustvarjalcev &#8211; re\u017eiserjev, koreografov in &hellip; <a href=\"https:\/\/www.cofestival.si\/2012\/?page_id=392\" class=\"more-link\">Continue reading <span class=\"screen-reader-text\">Mala Kline<\/span> <span class=\"meta-nav\">&rarr;<\/span><\/a><\/p>\n","protected":false},"author":1,"featured_media":0,"parent":0,"menu_order":0,"comment_status":"open","ping_status":"open","template":"","meta":{"footnotes":""},"class_list":["post-392","page","type-page","status-publish","hentry"],"_links":{"self":[{"href":"https:\/\/www.cofestival.si\/2012\/index.php?rest_route=\/wp\/v2\/pages\/392","targetHints":{"allow":["GET"]}}],"collection":[{"href":"https:\/\/www.cofestival.si\/2012\/index.php?rest_route=\/wp\/v2\/pages"}],"about":[{"href":"https:\/\/www.cofestival.si\/2012\/index.php?rest_route=\/wp\/v2\/types\/page"}],"author":[{"embeddable":true,"href":"https:\/\/www.cofestival.si\/2012\/index.php?rest_route=\/wp\/v2\/users\/1"}],"replies":[{"embeddable":true,"href":"https:\/\/www.cofestival.si\/2012\/index.php?rest_route=%2Fwp%2Fv2%2Fcomments&post=392"}],"version-history":[{"count":0,"href":"https:\/\/www.cofestival.si\/2012\/index.php?rest_route=\/wp\/v2\/pages\/392\/revisions"}],"wp:attachment":[{"href":"https:\/\/www.cofestival.si\/2012\/index.php?rest_route=%2Fwp%2Fv2%2Fmedia&parent=392"}],"curies":[{"name":"wp","href":"https:\/\/api.w.org\/{rel}","templated":true}]}}