{"id":185,"date":"2012-05-09T06:52:58","date_gmt":"2012-05-09T05:52:58","guid":{"rendered":"http:\/\/www.cofestival.si\/?page_id=185"},"modified":"2012-05-19T16:38:50","modified_gmt":"2012-05-19T15:38:50","slug":"izpeljani-izdelki-predstavitev","status":"publish","type":"page","link":"https:\/\/www.cofestival.si\/2012\/?page_id=185","title":{"rendered":"Izpeljani izdelki"},"content":{"rendered":"<p><a href=\"http:\/\/www.cofestival.si\/blog\/category\/predstavitev\/\">predstavitev<\/a> <a href=\"http:\/\/www.cofestival.si\/blog\/category\/delavnica\/\">delavnice<\/a><br \/>\nPierre-Yves Diacon in udele\u017eenci delavnice<\/p>\n<p>28\/05\u201302\/06\/2012<br \/>\nPrule (zbirno mesto: <a title=\"Plesni teater Ljubljana\" href=\"http:\/\/www.cofestival.si\/plesni-teater-ljubljana\/\">Plesni Teater Ljubljana<\/a>)<\/p>\n<p><a title=\"Izpeljani izdelki\" href=\"http:\/\/www.cofestival.si\/izpeljani-izdelki-delavnica\/\">Delavnica<\/a> bo potekala od ponedeljka do petka med 16.30 in 18.30. Prijavite se lahko <a title=\"Izpeljani izdelki\" href=\"http:\/\/www.cofestival.si\/izpeljani-izdelki-delavnica\/\">tu<\/a>.<\/p>\n<p>Kon\u010dna predstavitev: sobota, <a title=\"2.6.\" href=\"http:\/\/www.cofestival.si\/2-6\/\">2. junij <\/a>2012, ob 19.00<\/p>\n<p>Z zaprtimi o\u010dmi poslu\u0161ajte, kaj se dogaja okoli vas, in pozneje posku\u0161ajte poustvariti to dogajanje. Ali od nekoga drugega dobite nepopoln opis o dogajanju, ki se je nekje odvilo, potem pojdite na to mesto in dogajanje poustvarite po najbolj\u0161ih mo\u010deh.<\/p>\n<p>Festivala <a title=\"Ukrep\" href=\"http:\/\/www.cofestival.si\/ukrep\/\">Ukrep<\/a> in <a title=\"Pleskavica\" href=\"http:\/\/www.cofestival.si\/pleskavica\/\">Pleskavica<\/a><\/p>\n","protected":false},"excerpt":{"rendered":"<p>predstavitev delavnice Pierre-Yves Diacon in udele\u017eenci delavnice 28\/05\u201302\/06\/2012 Prule (zbirno mesto: Plesni Teater Ljubljana) Delavnica bo potekala od ponedeljka do petka med 16.30 in 18.30. Prijavite se lahko tu. Kon\u010dna predstavitev: sobota, 2. junij 2012, ob 19.00 Z zaprtimi o\u010dmi poslu\u0161ajte, kaj se dogaja okoli vas, in pozneje posku\u0161ajte poustvariti to dogajanje. Ali od nekoga &hellip; <a href=\"https:\/\/www.cofestival.si\/2012\/?page_id=185\" class=\"more-link\">Continue reading <span class=\"screen-reader-text\">Izpeljani izdelki<\/span> <span class=\"meta-nav\">&rarr;<\/span><\/a><\/p>\n","protected":false},"author":1,"featured_media":0,"parent":0,"menu_order":0,"comment_status":"open","ping_status":"open","template":"","meta":{"footnotes":""},"class_list":["post-185","page","type-page","status-publish","hentry"],"_links":{"self":[{"href":"https:\/\/www.cofestival.si\/2012\/index.php?rest_route=\/wp\/v2\/pages\/185","targetHints":{"allow":["GET"]}}],"collection":[{"href":"https:\/\/www.cofestival.si\/2012\/index.php?rest_route=\/wp\/v2\/pages"}],"about":[{"href":"https:\/\/www.cofestival.si\/2012\/index.php?rest_route=\/wp\/v2\/types\/page"}],"author":[{"embeddable":true,"href":"https:\/\/www.cofestival.si\/2012\/index.php?rest_route=\/wp\/v2\/users\/1"}],"replies":[{"embeddable":true,"href":"https:\/\/www.cofestival.si\/2012\/index.php?rest_route=%2Fwp%2Fv2%2Fcomments&post=185"}],"version-history":[{"count":0,"href":"https:\/\/www.cofestival.si\/2012\/index.php?rest_route=\/wp\/v2\/pages\/185\/revisions"}],"wp:attachment":[{"href":"https:\/\/www.cofestival.si\/2012\/index.php?rest_route=%2Fwp%2Fv2%2Fmedia&parent=185"}],"curies":[{"name":"wp","href":"https:\/\/api.w.org\/{rel}","templated":true}]}}